{"id":321,"date":"2023-04-10T14:42:46","date_gmt":"2023-04-10T14:42:46","guid":{"rendered":"http:\/\/localhost\/wordpress\/?page_id=321"},"modified":"2024-05-13T14:07:46","modified_gmt":"2024-05-13T14:07:46","slug":"conditions-legaleslies-aux-services-de-protections-des-passagers-et-des-riverains","status":"publish","type":"page","link":"https:\/\/ofnac.gouv.ht\/index.php\/conditions-legaleslies-aux-services-de-protections-des-passagers-et-des-riverains\/","title":{"rendered":"Conditions l\u00e9gales li\u00e9s aux services de protections des passagers et des riverains"},"content":{"rendered":"<p><div class=\"fusion-fullwidth fullwidth-box fusion-builder-row-1 fusion-flex-container has-pattern-background has-mask-background nonhundred-percent-fullwidth non-hundred-percent-height-scrolling\" style=\"--link_color: #ffffff;--awb-border-radius-top-left:0px;--awb-border-radius-top-right:0px;--awb-border-radius-bottom-right:0px;--awb-border-radius-bottom-left:0px;--awb-background-color:#0d70bc;\" ><div class=\"fusion-builder-row fusion-row fusion-flex-align-items-flex-start\" style=\"max-width:1248px;margin-left: calc(-4% \/ 2 );margin-right: calc(-4% \/ 2 );\"><div class=\"fusion-layout-column fusion_builder_column fusion-builder-column-0 fusion_builder_column_1_1 1_1 fusion-flex-column\" style=\"--awb-bg-size:cover;--awb-width-large:100%;--awb-margin-top-large:0px;--awb-spacing-right-large:1.92%;--awb-margin-bottom-large:20px;--awb-spacing-left-large:1.92%;--awb-width-medium:100%;--awb-order-medium:0;--awb-spacing-right-medium:1.92%;--awb-spacing-left-medium:1.92%;--awb-width-small:100%;--awb-order-small:0;--awb-spacing-right-small:1.92%;--awb-spacing-left-small:1.92%;\"><div class=\"fusion-column-wrapper fusion-column-has-shadow fusion-flex-justify-content-flex-start fusion-content-layout-column\"><div class=\"fusion-title title fusion-title-1 fusion-sep-none fusion-title-center fusion-title-text fusion-title-size-one fusion-animated\" style=\"--awb-text-color:#ffffff;--awb-margin-top:30px;--awb-margin-bottom:20px;--awb-font-size:50px;\" data-animationType=\"fadeInLeft\" data-animationDuration=\"0.1\" data-animationOffset=\"top-into-view\"><h1 class=\"title-heading-center fusion-responsive-typography-calculated\" style=\"font-family:var(--awb-typography1-font-family);font-weight:var(--awb-typography1-font-weight);font-style:var(--awb-typography1-font-style);margin:0;font-size:1em;letter-spacing:-0.0005em;text-transform:var(--awb-typography1-text-transform);--fontSize:50;line-height:var(--awb-typography1-line-height);\"><p style=\"text-align: center;\"><a href=\"https:\/\/ofnac.gouv.ht\/\">OFNAC<\/a><\/p><\/h1><\/div><\/div><\/div><\/div><\/div><div class=\"fusion-fullwidth fullwidth-box fusion-builder-row-2 fusion-flex-container has-pattern-background has-mask-background nonhundred-percent-fullwidth non-hundred-percent-height-scrolling\" style=\"--awb-border-radius-top-left:0px;--awb-border-radius-top-right:0px;--awb-border-radius-bottom-right:0px;--awb-border-radius-bottom-left:0px;--awb-background-color:#ffffff;\" ><div class=\"fusion-builder-row fusion-row fusion-flex-align-items-flex-start\" style=\"max-width:1248px;margin-left: calc(-4% \/ 2 );margin-right: calc(-4% \/ 2 );\"><div class=\"fusion-layout-column fusion_builder_column fusion-builder-column-1 fusion_builder_column_1_1 1_1 fusion-flex-column\" style=\"--awb-bg-size:cover;--awb-width-large:100%;--awb-margin-top-large:0px;--awb-spacing-right-large:1.92%;--awb-margin-bottom-large:20px;--awb-spacing-left-large:1.92%;--awb-width-medium:100%;--awb-order-medium:0;--awb-spacing-right-medium:1.92%;--awb-spacing-left-medium:1.92%;--awb-width-small:100%;--awb-order-small:0;--awb-spacing-right-small:1.92%;--awb-spacing-left-small:1.92%;\"><div class=\"fusion-column-wrapper fusion-column-has-shadow fusion-flex-justify-content-flex-start fusion-content-layout-column\"><div class=\"fusion-separator fusion-full-width-sep\" style=\"align-self: center;margin-left: auto;margin-right: auto;margin-top:20px;margin-bottom:20px;width:100%;\"><\/div><div class=\"fusion-text fusion-text-1\" style=\"--awb-font-size:var(--awb-typography1-font-size);--awb-line-height:var(--awb-typography1-line-height);--awb-letter-spacing:var(--awb-typography1-letter-spacing);--awb-text-transform:var(--awb-typography1-text-transform);--awb-text-color:#1e78bc;--awb-margin-top:10px;--awb-text-font-family:var(--awb-typography1-font-family);--awb-text-font-weight:var(--awb-typography1-font-weight);--awb-text-font-style:var(--awb-typography1-font-style);\"><p style=\"text-align: center;\">Service de Protection des Passagers et des Riverains (OFNAC)<\/p>\n<\/div><\/div><\/div><\/div><\/div><div class=\"fusion-fullwidth fullwidth-box fusion-builder-row-3 fusion-flex-container has-pattern-background has-mask-background nonhundred-percent-fullwidth non-hundred-percent-height-scrolling\" style=\"--link_hover_color: #b6d8ed;--link_color: #259aed;--awb-border-radius-top-left:0px;--awb-border-radius-top-right:0px;--awb-border-radius-bottom-right:0px;--awb-border-radius-bottom-left:0px;\" ><div class=\"fusion-builder-row fusion-row fusion-flex-align-items-flex-start\" style=\"max-width:1248px;margin-left: calc(-4% \/ 2 );margin-right: calc(-4% \/ 2 );\"><div class=\"fusion-layout-column fusion_builder_column fusion-builder-column-2 fusion_builder_column_1_1 1_1 fusion-flex-column\" style=\"--awb-bg-size:cover;--awb-width-large:100%;--awb-margin-top-large:0px;--awb-spacing-right-large:1.92%;--awb-margin-bottom-large:20px;--awb-spacing-left-large:1.92%;--awb-width-medium:100%;--awb-order-medium:0;--awb-spacing-right-medium:1.92%;--awb-spacing-left-medium:1.92%;--awb-width-small:100%;--awb-order-small:0;--awb-spacing-right-small:1.92%;--awb-spacing-left-small:1.92%;\"><div class=\"fusion-column-wrapper fusion-column-has-shadow fusion-flex-justify-content-flex-start fusion-content-layout-column\"><div class=\"fusion-section-separator section-separator triangle fusion-section-separator-1\" style=\"--awb-border-top:1px solid #b6d8ed;--awb-spacer-height:1px;--awb-svg-margin-left:1.92%;--awb-svg-margin-right:1.92%;--awb-svg-margin-left-medium:1.92%;--awb-svg-margin-right-medium:1.92%;--awb-svg-margin-left-small:1.92%;--awb-svg-margin-right-small:1.92%;--awb-icon-color:var(--awb-color1);--awb-margin-top:30px;--awb-margin-bottom:40px;\"><div class=\"fusion-section-separator-svg\"><div class=\"divider-candy-arrow top\" style=\"bottom:0px;border-bottom-color: var(--awb-color2);\"><\/div><div class=\"divider-candy top\" style=\"top:-21px;border-bottom:1px solid #b6d8ed;border-left:1px solid #b6d8ed;\"><\/div><\/div><div class=\"fusion-section-separator-spacer\"><div class=\"fusion-section-separator-spacer-height\"><\/div><\/div><\/div><div class=\"fusion-text fusion-text-2 fusion-text-no-margin\" style=\"--awb-font-size:35px;--awb-line-height:1.1;--awb-letter-spacing:0px;--awb-margin-top:20px;--awb-margin-bottom:20px;--awb-text-font-family:&quot;Libre Baskerville&quot;;--awb-text-font-style:normal;--awb-text-font-weight:400;\"><p style=\"text-align: center;\">R\u00f4le OFNAC \/ Limites<\/p>\n<\/div><div class=\"fusion-text fusion-text-3 fusion-text-no-margin\" style=\"--awb-font-size:16px;--awb-line-height:1.72;--awb-letter-spacing:0.015px;--awb-margin-top:20px;--awb-margin-bottom:20px;--awb-text-font-family:&quot;Roboto&quot;;--awb-text-font-style:normal;--awb-text-font-weight:400;\"><p>Le service de Protection des passagers et des Riverains est charg\u00e9 de la d\u00e9fense des int\u00e9r\u00eats des passagers a\u00e9riens et des riverains, ainsi que du contr\u00f4le de la qualit\u00e9 des services offerts par les op\u00e9rateurs. Il traite \u00e9galement des plaintes d\u00e9pos\u00e9es par les passagers \u00e0 l\u2019encontre des op\u00e9rateurs commerciaux dans les conditions pr\u00e9cis\u00e9es par voie r\u00e8glementaire.<\/p>\n<p>Il faut pr\u00e9ciser que l\u2019Office National de l\u2019Aviation Civile (OFNAC) n\u2019a pas pour vocation de se substituer au transporteur a\u00e9rien en indemnisant les passagers. L\u2019indemnisation de ces derniers incombe \u00e0 la compagnie a\u00e9rienne.<\/p>\n<p>L\u2019OFNAC intervient comme interm\u00e9diaire dans un conflit opposant un passager et un transporteur, en cas de plainte port\u00e9e par ce dernier aupr\u00e8s de l\u2019office apr\u00e8s qu\u2019il ait \u00e9puis\u00e9 les r\u00e8glements en vigueur de la compagnie et respect\u00e9 le d\u00e9lai imparti par celle-ci.<\/p>\n<\/div><div class=\"accordian fusion-accordian\" style=\"--awb-padding-top:20px;--awb-border-size:1px;--awb-icon-size:16px;--awb-content-font-size:var(--awb-typography4-font-size);--awb-content-letter-spacing:var(--awb-typography4-letter-spacing);--awb-content-text-transform:var(--awb-typography4-text-transform);--awb-content-line-height:var(--awb-typography4-line-height);--awb-icon-alignment:left;--awb-hover-color:var(--awb-color2);--awb-border-color:var(--awb-color3);--awb-background-color:var(--awb-color1);--awb-divider-color:var(--awb-color3);--awb-divider-hover-color:var(--awb-color3);--awb-icon-color:#ffffff;--awb-title-color:var(--awb-color8);--awb-content-color:var(--awb-color8);--awb-icon-box-color:#259ded;--awb-toggle-hover-accent-color:#b6d8ed;--awb-title-font-family:var(--awb-typography2-font-family);--awb-title-font-weight:var(--awb-typography2-font-weight);--awb-title-font-style:var(--awb-typography2-font-style);--awb-title-font-size:20px;--awb-title-letter-spacing:var(--awb-typography2-letter-spacing);--awb-title-line-height:var(--awb-typography2-line-height);--awb-title-text-transform:var(--awb-typography2-text-transform);--awb-content-font-family:var(--awb-typography4-font-family);--awb-content-font-weight:var(--awb-typography4-font-weight);--awb-content-font-style:var(--awb-typography4-font-style);\"><div class=\"panel-group fusion-toggle-icon-boxed\" id=\"accordion-321-1\"><div class=\"fusion-panel panel-default panel-5acef1788e4617912 fusion-toggle-has-divider\" style=\"--awb-content-font-size:var(--awb-typography4-font-size);--awb-content-letter-spacing:var(--awb-typography4-letter-spacing);--awb-content-text-transform:var(--awb-typography4-text-transform);--awb-content-line-height:var(--awb-typography4-line-height);--awb-content-font-family:var(--awb-typography4-font-family);--awb-content-font-weight:var(--awb-typography4-font-weight);--awb-content-font-style:var(--awb-typography4-font-style);--awb-title-font-family:var(--awb-typography2-font-family);--awb-title-font-weight:var(--awb-typography2-font-weight);--awb-title-font-style:var(--awb-typography2-font-style);--awb-title-font-size:var(--awb-typography2-font-size);--awb-title-letter-spacing:var(--awb-typography2-letter-spacing);--awb-title-line-height:var(--awb-typography2-line-height);--awb-title-text-transform:var(--awb-typography2-text-transform);--awb-title-color:var(--awb-color8);\"><div class=\"panel-heading\"><h4 class=\"panel-title toggle\" id=\"toggle_5acef1788e4617912\"><a aria-expanded=\"false\" aria-controls=\"5acef1788e4617912\" role=\"button\" data-toggle=\"collapse\" data-target=\"#5acef1788e4617912\" href=\"#5acef1788e4617912\"><span class=\"fusion-toggle-icon-wrapper\" aria-hidden=\"true\"><i class=\"fa-fusion-box active-icon fa-plane-departure fas\" aria-hidden=\"true\"><\/i><i class=\"fa-fusion-box inactive-icon fa-plane-arrival fas\" aria-hidden=\"true\"><\/i><\/span><span class=\"fusion-toggle-heading\">Droits des passagers \/ Relations passagers- lignes a\u00e9riennes <\/span><\/a><\/h4><\/div><div id=\"5acef1788e4617912\" class=\"panel-collapse collapse \" aria-labelledby=\"toggle_5acef1788e4617912\"><div class=\"panel-body toggle-content fusion-clearfix\">\n<p>Les droits des passagers et les responsabilit\u00e9s du transporteur sont d\u00e9termin\u00e9s par la convention de Varsovie (1929) et celle de Montr\u00e9al (1999).<\/p>\n<p>Les conventions pr\u00e9cit\u00e9es traitent des sujets suivants:<\/p>\n<ol>\n<li>Annulation de vol (L\u2019indemnisation n\u2019est pas due si le passager est avis\u00e9 du retard ou de l\u2019annulation \u00e0 l\u2019avance ou si un r\u00e9acheminement est propos\u00e9 aux m\u00eames heures et la m\u00eame date sur une autre compagnie ou encore en cas de force majeure (intemp\u00e9rie, cet..)<\/li>\n<li>Perturbation de vol, retard, annulation, correspondance rat\u00e9e, horaire modifi\u00e9 (une indemnisation est envisageable si le passager estime avoir subi un dommage r\u00e9sultant d\u2019un retard important tels que: (absence \u00e0 son travail, une r\u00e9union importante ou une visite m\u00e9dicale\u2026)<\/li>\n<li>Refus d\u2019embarquement (impossibilit\u00e9 d\u2019embarquer dans un a\u00e9ronef du fait que le transporteur a vendu plus de si\u00e8ges qu\u2019il n\u2019en avait de disponible \u201cOVERBOOKING\u201d, \u201cSURRESERVATION\u201d). Les compagnies sont tenues de proc\u00e9der \u00e0 un appel en salle pour trouver des passagers volontaires qui pourraient n\u00e9gocier avec ces derniers. Les passagers refus\u00e9s contre leur gr\u00e9, ont droit \u00e0 un r\u00e9acheminement ou une indemnisation.)<\/li>\n<li>Refus de transport (impossibilit\u00e9 d\u2019embarquer dans un a\u00e9ronef pour toute raison autre qu\u2019une surr\u00e9servation \u201cOVERBOOKING\u201d)Bagages et marchandises (endommag\u00e9s, perdus, vol\u00e9s, retard\u00e9s)<\/li>\n<li>Bagages et marchandises (endommag\u00e9s, perdus, vol\u00e9s, retard\u00e9s)<\/li>\n<li>Personnes \u00e0 mobilit\u00e9 r\u00e9duite (le transport ne peut \u00eatre refus\u00e9 \u00e0 une personne handicap\u00e9e sauf pour respecter les exigences de s\u00e9curit\u00e9 fix\u00e9es par le transporteur)<\/li>\n<\/ol>\n<\/div><\/div><\/div><div class=\"fusion-panel panel-default panel-1e743d0a8f70b1f0c fusion-toggle-has-divider\" style=\"--awb-content-font-size:var(--awb-typography4-font-size);--awb-content-letter-spacing:var(--awb-typography4-letter-spacing);--awb-content-text-transform:var(--awb-typography4-text-transform);--awb-content-line-height:var(--awb-typography4-line-height);--awb-content-font-family:var(--awb-typography4-font-family);--awb-content-font-weight:var(--awb-typography4-font-weight);--awb-content-font-style:var(--awb-typography4-font-style);--awb-title-font-family:var(--awb-typography2-font-family);--awb-title-font-weight:var(--awb-typography2-font-weight);--awb-title-font-style:var(--awb-typography2-font-style);--awb-title-font-size:var(--awb-typography2-font-size);--awb-title-letter-spacing:var(--awb-typography2-letter-spacing);--awb-title-line-height:var(--awb-typography2-line-height);--awb-title-text-transform:var(--awb-typography2-text-transform);--awb-title-color:var(--awb-color8);\"><div class=\"panel-heading\"><h4 class=\"panel-title toggle\" id=\"toggle_1e743d0a8f70b1f0c\"><a aria-expanded=\"false\" aria-controls=\"1e743d0a8f70b1f0c\" role=\"button\" data-toggle=\"collapse\" data-target=\"#1e743d0a8f70b1f0c\" href=\"#1e743d0a8f70b1f0c\"><span class=\"fusion-toggle-icon-wrapper\" aria-hidden=\"true\"><i class=\"fa-fusion-box active-icon fa-plane-departure fas\" aria-hidden=\"true\"><\/i><i class=\"fa-fusion-box inactive-icon fa-plane-arrival fas\" aria-hidden=\"true\"><\/i><\/span><span class=\"fusion-toggle-heading\">Formulaire de plainte - Renseignements directives importants<\/span><\/a><\/h4><\/div><div id=\"1e743d0a8f70b1f0c\" class=\"panel-collapse collapse \" aria-labelledby=\"toggle_1e743d0a8f70b1f0c\"><div class=\"panel-body toggle-content fusion-clearfix\">\n<p><strong>Etape 1.<\/strong> Vous devez premi\u00e8rement, essayer de r\u00e9gler le probl\u00e8me que vous avez rencontr\u00e9 en vous adressant directement \u00e0 votre transporteur.<\/p>\n<p><strong>Etape 2.<\/strong> D\u00e9terminer si votre plainte concerne l\u2019une des rubriques pr\u00e9cit\u00e9es dans la section \u201cDroits des passagers \/ Relations passagers- lignes a\u00e9riennes\u201d<\/p>\n<p><strong>Etape 3.<\/strong> Remplir et soumettre le<em> <a href=\"https:\/\/ofnac.gouv.ht\/index.php\/doleance\/\">formulaire de plainte<\/a><\/em> en y attachant la documentation aff\u00e9rente.<\/p>\n<\/div><\/div><\/div><\/div><\/div><\/div><\/div><\/div><\/div><\/p>\n","protected":false},"excerpt":{"rendered":"","protected":false},"author":2,"featured_media":0,"parent":0,"menu_order":0,"comment_status":"closed","ping_status":"closed","template":"100-width.php","meta":{"footnotes":""},"class_list":["post-321","page","type-page","status-publish","hentry"],"_links":{"self":[{"href":"https:\/\/ofnac.gouv.ht\/index.php\/wp-json\/wp\/v2\/pages\/321","targetHints":{"allow":["GET"]}}],"collection":[{"href":"https:\/\/ofnac.gouv.ht\/index.php\/wp-json\/wp\/v2\/pages"}],"about":[{"href":"https:\/\/ofnac.gouv.ht\/index.php\/wp-json\/wp\/v2\/types\/page"}],"author":[{"embeddable":true,"href":"https:\/\/ofnac.gouv.ht\/index.php\/wp-json\/wp\/v2\/users\/2"}],"replies":[{"embeddable":true,"href":"https:\/\/ofnac.gouv.ht\/index.php\/wp-json\/wp\/v2\/comments?post=321"}],"version-history":[{"count":20,"href":"https:\/\/ofnac.gouv.ht\/index.php\/wp-json\/wp\/v2\/pages\/321\/revisions"}],"predecessor-version":[{"id":1620,"href":"https:\/\/ofnac.gouv.ht\/index.php\/wp-json\/wp\/v2\/pages\/321\/revisions\/1620"}],"wp:attachment":[{"href":"https:\/\/ofnac.gouv.ht\/index.php\/wp-json\/wp\/v2\/media?parent=321"}],"curies":[{"name":"wp","href":"https:\/\/api.w.org\/{rel}","templated":true}]}}